39
What is 1 + -2 - 137 - ((118 - -41) + -170)?
-127
What is (-3 - -99) + (40 - -10) + -74?
72
What is 20 - (0 + 50 - -6)?
-36
What is -66 - (-87 + 29) - (-11 + 0)?
3
What is 61 + (-31 + 0 - (-215 - -204) - -8 - 0)?
49
Calculate 0 + (-2 - (-14 - -9)) + 3 + -2 - -48.
52
What is the value of 3 - 67 - (29 - 141)?
48
Calculate (-23 - -1 - (68 - (55 + -98))) + 19.
-114
102 + -11 - -7 - (3 + (8 + -8 - 11))
106
151 + 6 + -2486 + 2463
134
What is -1 + 1 + 106 + -21 + -9 + 7?
83
What is -2 + 3 - (13 - 80 - -29 - -9)?
30
What is -5476 + 5445 - (-67 - -3 - 2)?
35
-244 + 264 + (-4 + 4 - 33) + 78
65
What is 28 - (5 + 2 + -12)?
33
Evaluate -1 + -10 - (-24 + (-12 - -25)) - -4.
4
Calculate 13 - (3 - -59) - ((6 - 11) + 1).
-45
-46 + 102 - (0 - -7) - (18 - 2)
33
What is the value of (33 - 0) + (42 - (78 + -16))?
13
(23 - -62) + 96 + -235
-54
-7012 + 7023 - (-2 - 2 - 43)
58
-12 - -10 - (-86 - (32 - 8 - 50))
58
Evaluate (5 - -6 - -2) + -3 + 2 - 1.
11
(5 - (-22 - (1 + -3 + 4))) + -121 + 125
33
What is the value of (11 - 7 - (-16 - (12 + -31))) + (0 - 14)?
-13
39 + 1 - (((-5 - 1) + -5 - 11) + 10)
52
Evaluate -21 + -83 + 21 + 4.
-79
What is 10 + -3 + -2 - (-208 + 47 - -192)?
-26
Evaluate 16 - (4 - (103 + -102 - (1 - -5))) - 35.
-28
What is -74 + (-3 - -38) + -3?
-42
Calculate -6 + -10 + 5 + (261 - 281).
-31
8 + (2 - 41) + 247 + -284
-68
What is 57 - (-158 + 99) - 45?
71
What is the value of -31 + 12 + 112 + -144?
-51
Calculate 40 - (-6 + 22 + 15).
9
What is the value of (50 - (5 + (-5 + 0 - -2))) + (24 - 32)?
40
What is the value of 0 - (-23 - (22 - 5 - 15))?
25
Evaluate 6 - (3 - (140 - 75)).
68
Evaluate 121 - (-25 - (-28 + (44 - 56))).
106
29 - (-76 - (-54 + -72))
-21
What is 1 + -2 + -20 + (13 - (6 + 17))?
-31
Evaluate 51 + -29 - (31 - 3) - 7.
-13
What is -64 - -69 - (4 - (9 - 12) - (0 + 3))?
1
Evaluate 61 - (117 - -45) - -15.
-86
1 + 131 + 2030 + -2086
76
What is -20 + -14 - (32 + -60)?
-6
-2 + 19 + 65 + -67 + (7 - 36)
-14
Evaluate 30 - (6 + (0 + 22 - 31)).
33
Calculate (-11 - -1) + -26 + (73 - 46 - 82).
-91
What is (-54 - -41 - 20 - (9 - 1)) + 7?
-34
Calculate (-1 + (3 - 11) - 1) + -2 + 23.
11
Calculate -21 + 3 + -6112 + 6176.
46
-23 - ((15 - (57 + -27)) + -76)
68
What is 22 - 3 - 6 - (-71 - 41 - (-9 + 1))?
117
Calculate 152 + (-25 - -27) - 298.
-144
What is the value of -28 - (-99 - (111 + -224))?
-42
What is the value of (-61 - (-40 - -31)) + -23?
-75
49 + -176 - -52 - -40
-35
-102 - (53 + (-10 - 100))
-45
Evaluate (1 + 12 - (-65 + 64)) + -6 + (134 - 59).
83
Calculate (-42 - (-33 - (16 + 6))) + -7.
6
What is -69 + (25 - -17 - 26) + 30?
-23
8 - 156 - -34 - (-9 - -1 - 5)
-101
69 - (-57 - (-140 + 59))
45
Evaluate -15 + -42 + 88 - 24.
7
-2 - 21 - ((-200 - -178) + -111)
110
What is -9 + -40 + (-1 - 6) + 48?
-8
(-40 - -85) + -69 - 32
-56
What is the value of 59 - ((4 - 0) + -4 - (-201 + 191))?
49
What is -530 + 536 - (45 + -3)?
-36
What is (-4 + 17 - 1 - 6) + -3 + (375 - 451)?
-73
5 + (-21 - (34 + -31 + 16))
-35
-7 - (14 + 0 + (-95 - -63) - (1 + 1))
13
What is 69 + (1 - (8 - 2 - 8)) + 57 + -64?
65
Evaluate 1 + -79 + -1 + (10 - -5 - -1).
-63
What is the value of 11 + (70 - 66) + (6 - (1 - -1) - 80)?
-61
What is the value of (32 + -110 - -38) + 77?
37
Evaluate -25 + -2 - (-116 - -82).
7
-9 + (7 - -1 - (-72 + 40 + 36)) + -33
-38
What is the value of (-13 - (-17 + (3 - 32))) + 26?
59
What is (-32 - 2) + 18 + -74 + 26?
-64
Calculate 0 - -1 - 15 - (778 + -391 - 374).
-27
What is -8 + 16 + -8 + -4 - -53 - 13?
36
What is (-168 - -129) + (-1 + 5 - -17) - -90?
72
Calculate -18 + (5 - 5) - 0 - (-16 + -2).
0
Calculate (-36 - 12) + 76 + -5 + 1 + 0.
24
Calculate -2705 - -2715 - (-2 + 41).
-29
(-14 - -1) + (-88 + 98 - -7)
4
Calculate 6 + (-3 - -12) + (-2 + -23 - 53).
-63
-123 + 77 + (61 - 9)
6
What is 10 - 13 - (4 - ((-130 - -132) + (1 - 13)))?
-17
Calculate -17 + -36 + 49 - (1 + 26 + -2).
-29
Evaluate -674 + 685 + (3 - 1 - 32) + -2.
-21
247 - (208 - -33) - (97 + 1)
-92
What is -10 + (22 - (-21 - (-33 + 0)))?
0
What is the value of (-132 - -161 - (17 + 5)) + (1 - (-1 - -11))?
-2
What is (-106 - -143) + -27 + 1 + 19?
30
What is the value of 271 + -247 + -26 + 24?
22
What is 25 + (19 - 26) - 58?
-40
26258 - 26248 - (-2 + 118 + (0 - -1))
-107
What is 134 + -35 + (30 - (47 - 31))?
113
-57 - 0 - (37 + -127)
33
What is the value of -128 + (-2 - 90 - -88)?
-132
Evaluate (15 - (-12 - -3)) + (-4 - -5) + -2 + 5.
28
-3 - (-2 - 0) - (-71 + 22 + 22 + -24)
50
What is the value of -3 + 2 + 4 - 16 - -34 - -11?
32
Evaluate -5 + -2 + -2 + (-57 - -13 - -1).
-52
85 - (-25 - -64) - -41
87
What is the value of 517 - 505 - (-4 - -12 - 101)?
105
What is (-2 - (4 + -8) - 7) + 6 - (-15 + 16)?
0
Evaluate (-3 - 46 - (-11 + 15)) + 11 + -2.
-44
(-247 - -216) + -45 + -7 + -2 + (0 - 6)
-91
What is the value of 83 + (2 - 37) - (-24 + 18 + (0 - 4))?
58
Evaluate 0 + 2 + -10 - (19 + -8 + -76 + 110).
-53
Evaluate -38 + -3 - 0 - (-1562 - -1543).
-22
(-19 - -14) + (-18 - (-4 + -14))
-5
What is -1 + (14 - -1) + 379 + -407 + -36?
-50
5300 + -5124 + (3 - 129)
50
Evaluate (134 + -118 - (0 - -10)) + 2 + -21.
-13
What is the value of -2 + 27 + (-779 - -751) - (91 - 4 - 2)?
-88
Calculate -3 + -99 + 83 - (-32 - -2).
11
Evaluate (117 - 110 - 123) + 87.
-29
What is the value of 8 - (34 - (-9 - (-5 - (-7 + 3))))?
-34
17 + (-8 - 3 - -2) + 7 + -22 - 36
-43
Evaluate -34 + -159 + 182 - (-67 - 1).
57
78 + (85 - (273 + -132))
22
Calculate 17 - (-21 + 53 - 17) - 35.
-33
Calculate -12 + -12 + 1 + -9 + -53.
-85
Evaluate -24 + 73 + -74 + 30 + (-1 - 1) + 81.
84
72 - -5 - (-37 - -47 - (-4 - (-11 + -6)))
80
91 + (-176 - (-39 + -54))
8
What is the value of 43 + -28 + -117 + -19 - (3 + -2 + -2)?
-120
What is (-43 - -88 - -22) + -151?
-84
What is 22 + 31 + -52 - (10 + -26)?
17
-50 - 2 - -2 - (-1014 + 996)
-32
What is the value of 3 + -14 + -2 + -64 + 24?
-53
Evaluate 30 + (37 - (31 - 6)).
42
What is the value of 24 + (9 - 19) - (14 + -37 + -15)?
52
Calculate 52 - (110 + -76) - (1 - (3 + -9)).
11
What is the value of 6 - (299 + -221 + 2 + -2 + -6)?
-66
(138 + -161 - (1 - 1 - 12)) + -46 + 2
-55
Calculate -86 - -45 - (-7 + (5 + -11 - -9)).
-37
What is the value of -7 - 66 - (-215 - -61)?
81
2 + -33 + (31 - -37) + 56
93
What is -32 + -19 - -22 - -81?
52
Evaluate -20 - ((-32 - 0) + -14 + 2).
24
What is (55 - (13 - 3)) + (-7 - 0 - -8)?
46
What is the value of (92 - 122) + (-23 - (-88 + -6))?
41
16 - (-3 + 2 + (13 - (14 + 5)))
23
73 + (45 - 61) + -71
-14
What is the value of 23 + -31 + 5 - (25 - 2)?
-26
93 - (-46 - -98) - ((-9 - 2) + 3 - -1)
48
26 + (-18 - (-33 + 10)) - 109
-78
What is the value of 177 - (38 + 42) - 30?
67
Evaluate -35 - ((0 - (2 + -6)) + 109 + -199 + 92).
-41
Evaluate (-192 - -167) + 13 + -1 + 98.
85
4 - (-100 + -9 - -32)
81
What is 19 - 51 - -32 - (-4 + 1 + 22)?
-19
What is 6028 + -6111 + 62 + 1?
-20
Evaluate -12 + 50 + -31 + -88.
-81
What is the value of (-18 - -2) + 3 + (20 - 0) + -68 + -5?
-66
Calculate 44 + (16 - (18 + 51)).
-9
Calculate 25 - (51 + (151 - 103)).
-74
What is 13 - (1 + 6) - (38 + (43 - 16))?
-59
What is -38 + 34 - (-338 + 293)?
41
What is 11 - (-9 - -29 - -9)?
-18
-14 + -2 + 13 + -21 + 10
-14
What is -6 - ((-31 + 17 - 4) + 15)?
-3
What is (4 + 0 - (0 + -4 + 4)) + (-60 - -58)?
2
Calculate 574 + -579 + -9 + (-4 - -2).
-16
Evaluate 17 - (54 + -32) - 14 - 87.
-106
What is (-5 - -24) + 6 + (-96 - (6 + -17))?
-60
What is the value of (-1 - -12 - 3) + -51 + 18 - -1?
-24
What is (-533 - -462) + 13 + (-3 - -4) + -4?
-61
(-1 - (2 - -1)) + -133 + 110 + 9
-18
Calculate 93 - (22 + 27) - (-1 - -8).
37
What is -7 + (6 - 5) - ((1 - 9) + -144 + 151)?
-5
What is the value of 14 + 10 - (70 - 111)?
65
Evaluate -13 - ((-121 - -154) + -24).
-22
What is the value of 149 + 30 + -188 + 85?
76
Calculate -4 + 2 - (5 + 30 - 24 - 71).
58
Calculate 1 + (0 - 2) - 104 - (-122 - -133).
-116
What is (12 + 44 - 190) + 249?
115
What is (-8 + 21 - (1 + (31 - 0))) + 119?
100
Evaluate (-112 - -116) + (-4 + -2 - -11) + -74.
-65
What is the value of 5 - (109 + -23 + -11) - (0 - 5)?
-65
What is (579 - 565) + 1 + 18 - (-5 - -4)?
34
Calculate (32 + 22 - 43) + 1 + -3 + 1 + 23.
33
Evaluate -13 + (0 - (10 - 20 - (-18 + 11))).
-10
What is the value of (-1 - (-1 - 55)) + (-4 - (15 - (15 + 6)))?
57
Evaluate -44 + (-48 - -22 - 13).
-83
What is the value of -23